6936 and 16?
8
What is the highest common factor of 198 and 1474?
22
Calculate the highest common factor of 49896 and 82467.
693
What is the highest common factor of 262432 and 16048?
944
Calculate the greatest common divisor of 279006 and 1176.
294
What is the greatest common divisor of 18784 and 64?
32
Calculate the highest common factor of 2816894 and 942.
314
Calculate the highest common divisor of 1128 and 1552974.
282
Calculate the highest common divisor of 4938 and 1660814.
1646
Calculate the highest common factor of 9580 and 41640.
20
Calculate the greatest common divisor of 496 and 18042.
62
What is the greatest common factor of 13540 and 560?
20
Calculate the highest common divisor of 2852 and 5890.
62
What is the highest common factor of 2060 and 15720?
20
Calculate the greatest common factor of 17689 and 98.
49
What is the highest common factor of 62912 and 1024?
64
What is the greatest common factor of 7395 and 204?
51
What is the greatest common divisor of 8556 and 32568?
276
Calculate the highest common factor of 89033 and 3087.
49
What is the highest common factor of 314657 and 5121?
569
Calculate the greatest common divisor of 1152 and 12174.
6
What is the greatest common factor of 46 and 21022?
46
What is the greatest common factor of 70 and 12495?
35
Calculate the highest common divisor of 13601 and 56749.
469
Calculate the greatest common divisor of 15025 and 1050.
25
Calculate the highest common factor of 2234237 and 223.
223
What is the greatest common factor of 276 and 3072?
12
Calculate the highest common factor of 3367 and 162578.
481
Calculate the highest common factor of 11625 and 25500.
375
Calculate the highest common divisor of 35724 and 56472.
156
What is the greatest common divisor of 9 and 524637?
9
Calculate the greatest common factor of 357 and 6342.
21
Calculate the greatest common factor of 205 and 6191.
41
Calculate the highest common divisor of 103029 and 61.
61
What is the highest common factor of 15 and 1341?
3
Calculate the greatest common factor of 1065 and 1527423.
213
Calculate the greatest common factor of 1467 and 50856.
489
What is the greatest common divisor of 252 and 103684?
28
Calculate the greatest common divisor of 567 and 39825.
27
What is the highest common divisor of 45 and 14655?
15
What is the highest common factor of 992 and 142304?
32
Calculate the highest common factor of 109214 and 145.
29
What is the highest common divisor of 1739 and 6179?
37
Calculate the highest common divisor of 1085 and 126728.
217
What is the highest common divisor of 359892 and 702?
234
Calculate the highest common factor of 940 and 93530.
470
Calculate the highest common factor of 55050 and 155.
5
What is the greatest common factor of 4347053 and 17?
17
Calculate the highest common factor of 41416 and 3674.
334
What is the highest common factor of 322 and 252?
14
Calculate the highest common divisor of 102 and 561.
51
Calculate the greatest common divisor of 1336750 and 125.
125
What is the highest common divisor of 8743 and 3199?
7
What is the highest common divisor of 402 and 33098?
134
Calculate the highest common factor of 1 and 18282.
1
Calculate the highest common divisor of 348 and 994236.
348
What is the highest common divisor of 238 and 124474?
238
Calculate the greatest common factor of 72 and 8658.
18
Calculate the highest common factor of 2 and 49477.
1
Calculate the greatest common divisor of 223 and 1295.
1
Calculate the highest common divisor of 80 and 3015720.
40
What is the highest common divisor of 7232 and 384?
64
What is the highest common divisor of 42 and 9138?
6
Calculate the highest common factor of 15012 and 882.
18
What is the greatest common factor of 200 and 7025?
25
Calculate the highest common divisor of 266 and 18202.
38
Calculate the greatest common factor of 5467 and 7469.
77
Calculate the greatest common factor of 121837 and 146.
73
What is the greatest common factor of 7 and 334887?
7
Calculate the greatest common factor of 7 and 320677.
7
What is the greatest common factor of 24080 and 473?
43
Calculate the highest common divisor of 6147 and 189191.
683
What is the highest common divisor of 222208 and 217?
217
Calculate the highest common factor of 1761 and 18197.
587
Calculate the highest common factor of 112 and 3458.
14
What is the highest common divisor of 97280 and 6460?
380
Calculate the highest common divisor of 360 and 801.
9
What is the greatest common divisor of 83850 and 12?
6
Calculate the greatest common divisor of 27 and 258183.
9
Calculate the greatest common factor of 415 and 1108963.
83
What is the greatest common factor of 9233 and 469?
7
Calculate the highest common factor of 664020 and 1008.
252
What is the highest common divisor of 2020901 and 5269?
479
Calculate the greatest common factor of 56 and 164276.
28
What is the greatest common factor of 22 and 2607638?
22
What is the highest common factor of 1384040 and 280?
280
Calculate the highest common factor of 37666 and 5090.
1018
Calculate the highest common factor of 12 and 5661.
3
What is the highest common divisor of 4369 and 2261?
17
What is the highest common divisor of 107823 and 889?
127
What is the highest common factor of 198 and 14508?
18
Calculate the highest common divisor of 52 and 433108.
52
What is the greatest common divisor of 44 and 18194?
22
What is the highest common divisor of 179264 and 64?
64
What is the highest common divisor of 357 and 147882?
21
Calculate the greatest common divisor of 74315 and 39160.
445
Calculate the greatest common factor of 8653 and 509.
509
Calculate the greatest common divisor of 147100 and 1900.
100
What is the highest common factor of 1026656 and 384?
32
What is the greatest common divisor of 19236 and 168?
84
Calculate the highest common factor of 263536 and 1144.
104
What is the highest common factor of 4179 and 76416?
597
Calculate the greatest common factor of 4125 and 2400.
75
Calculate the highest common factor of 5792 and 20000.
32
Calculate the greatest common divisor of 5628 and 12596.
268
Calculate the greatest common divisor of 425961 and 57.
57
What is the highest common divisor of 5428 and 21358?
118
What is the highest common divisor of 104 and 126802?
26
What is the highest common divisor of 12968 and 8?
8
What is the highest common divisor of 52932 and 444?
12
Calculate the highest common factor of 40 and 323240.
40
Calculate the highest common divisor of 5183 and 2482.
73
Calculate the greatest common factor of 41653 and 368.
23
Calculate the highest common factor of 205600 and 2850.
50
What is the highest common factor of 1440 and 51040?
160
What is the highest common divisor of 4602 and 31388?
118
What is the greatest common divisor of 7630 and 2310?
70
What is the highest common divisor of 4480 and 3710?
70
Calculate the highest common divisor of 171 and 17478.
9
What is the highest common factor of 5 and 408145?
5
What is the highest common factor of 440213 and 278?
139
Calculate the highest common divisor of 1446 and 879.
3
What is the highest common factor of 18480 and 9020?
220
Calculate the greatest common factor of 984 and 76137.
123
Calculate the greatest common divisor of 148500 and 132.
132
What is the highest common factor of 21938 and 210?
14
Calculate the greatest common factor of 273400 and 700.
100
Calculate the greatest common factor of 2021 and 7003.
47
What is the greatest common divisor of 9335816 and 602?
602
What is the highest common factor of 234 and 44109?
117
Calculate the greatest common factor of 3746664 and 612.
612
What is the greatest common divisor of 11 and 120857?
11
Calculate the greatest common divisor of 60 and 44010.
30
What is the highest common divisor of 61910 and 12505?
205
What is the greatest common factor of 6 and 189792?
6
Calculate the highest common divisor of 7 and 305802.
7
Calculate the greatest common divisor of 285021 and 22.
11
What is the greatest common divisor of 1617 and 7557?
33
What is the highest common factor of 315028 and 140?
28
Calculate the greatest common factor of 1074 and 16280766.
1074
Calculate the highest common factor of 2278 and 3665302.
2278
What is the greatest common factor of 50 and 8380?
10
Calculate the greatest common divisor of 219440 and 10.
1